pose 4*z = -32*z + 245880. List the prime factors of z.
2, 5, 683
Let u(r) be the second derivative of 46*r**3/3 - 11*r**2/2 - 4*r - 16. Let z(b) = b + 10. Let o be z(-8). List the prime factors of u(o).
173
Let b = -2097 + 2811. What are the prime factors of b?
2, 3, 7, 17
List the prime factors of (4 - ((-66657)/9 - -3))*3.
2, 41, 271
Suppose 423*n = 426*n. Let s(b) = -b**3 + 8*b**2 + 8*b - 11. Let z be s(8). Suppose n = -5*h + 4*c - z + 262, -5*c = 4*h - 159. What are the prime factors of h?
41
Let z be 24/10*(-5)/(-2). Suppose z*m = 17 - 11. Let g(d) = 58*d**2 + 4*d - 4. What are the prime factors of g(m)?
2, 29
Let t be 0 - 7/(35/(-825)). Let n = -131 + t. List the prime factors of -4*n/4*(-5 - 3).
2, 17
Let o(j) = 64*j**2 - 9*j - 4. Let f = -353 - -351. What are the prime factors of o(f)?
2, 3, 5
List the prime factors of (66/(-132))/(4/(-32384)).
2, 11, 23
What are the prime factors of (1/(-1 + 1 - 1))/(48/(-309792))?
2, 7, 461
Let f be (-2)/6*12/4. Let d(z) = 5*z + 7. Let k be d(f). Suppose 0 = i + 2*u - 127, k*u + u + 3 = 0. List the prime factors of i.
3, 43
Let r(u) = 839*u + 3906. What are the prime factors of r(-3)?
3, 463
Suppose 0*p - 14 = -5*r - 4*p, -3*r + 5*p = -1. Let b(t) = -t + 50. Let g be b(16). Suppose -g = 2*z + r*c - 230, 2*z + 5*c = 205. List the prime factors of z.
5, 19
Let x(k) = k**3 - 18*k**2 + 16*k - 31. Let p be x(17). Let c = p + 1001. What are the prime factors of c?
953
Let u be (-5)/(-2 + (-12)/(-8)). Let k(l) = l**3 - 9*l**2 - 11*l - 24. Let o be k(u). Let n = o - -161. List the prime factors of n.
127
Let v = 1731 + -165. Suppose 4*l = 5*k - 3885, 2*k = -8*l + 12*l + v. What are the prime factors of k?
773
Let f(d) = -3188*d + 1776. What are the prime factors of f(-5)?
2, 43, 103
Suppose 0 = 4*f + d - 211975, 52964 = f - 8*d + 4*d. List the prime factors of f.
2, 3, 23
Suppose -2*y + 24*n - 27*n + 128448 = 0, 0 = -9*y - 3*n + 578016. What are the prime factors of y?
2, 3, 223
Let z = 97247 - 50612. What are the prime factors of z?
3, 5, 3109
Suppose 416570 + 413510 - 306820 = 34*b. List the prime factors of b.
2, 3, 5, 19
List the prime factors of -2020*(-1134)/135 + (-5 - 0).
16963
Let z be (0 + -2 + (-1175)/(-15))*-3. Let i = z - -684. What are the prime factors of i?
5, 7, 13
Let a = -995 - -2506. What are the prime factors of a?
1511
Let q(z) = z**3 - 8*z**2 - 18*z - 76. What are the prime factors of q(19)?
11, 17, 19
Let a(d) = 2*d**2 - 75*d - 34. Let j be a(33). Let c = j + 786. List the prime factors of c.
5, 7, 13
Let t = -136 + 138. Let q(i) = 3 + 0*i**2 + 23 + 10*i - 5*i**t + 6*i**2. What are the prime factors of q(-16)?
2, 61
Let r = 9841 - 6711. Suppose -11*p + r = -7*p - 2*q, 3*q = 9. List the prime factors of p.
2, 7
Let l(h) = 17*h**2 - 10*h - 14. Let z(s) = -s**3 + 4*s**2 + 34*s - 20. Let d be z(8). What are the prime factors of l(d)?
2, 149
Suppose -13*a + 9*a + 1128 = -4*n, -4*n - 1122 = -2*a. Let l = 87 - n. What are the prime factors of l?
2, 3, 61
Suppose 27*p + 5*p = -4*p + 459612. List the prime factors of p.
17, 751
Let t = -93 + 310. Let r = 17 + t. List the prime factors of r.
2, 3, 13
Suppose 9*d + 0*d - 81 = 0. Suppose -4*j = c - 102, 3*c - d*j = -5*j + 386. What are the prime factors of c?
2, 61
What are the prime factors of (-15)/(20/(-4)) - (-24 - 5834)?
5861
Let v be (80/60)/((-8)/(-18)). Let g(f) = 12*f - 2. List the prime factors of g(v).
2, 17
Suppose 0 = 6*m - 0*m - 6138. Suppose s - 17 - 320 = -o, 3*s - m = 3*o. What are the prime factors of s/15 + 6 + 3/(-5)?
2, 7
Let l(y) be the third derivative of -2/3*y**4 + 5*y**2 + 0*y - 7/3*y**3 + 0. List the prime factors of l(-4).
2, 5
Let l(u) = u**3 - 5*u - 6*u + 5*u**2 + u + 4*u + 13. Let z = 652 + -658. What are the prime factors of l(z)?
13
Let a(q) = q + 1. Let z(n) = -34*n - 12. Let c(b) = -10*a(b) - z(b). Let x be c(4). Suppose 0 = 3*o - x - 31. What are the prime factors of o?
43
Suppose 0 = 23*s - 9*s - 111202. Suppose s = 15*v + 2813. List the prime factors of v.
2, 3, 19
What are the prime factors of ((-204)/187 + 1/11)/((-4)/115864)?
2, 7, 2069
Let z = 18126 + -9889. What are the prime factors of z?
8237
Suppose -90*j + 7686063 = 55*j + 86*j. What are the prime factors of j?
3, 3697
What are the prime factors of -1*2*((-16779)/2)/17?
3, 7, 47
Let h = 7179 + -3392. What are the prime factors of h?
7, 541
Suppose 241 = -6*m + 25. Let i = -34 - m. Suppose 0 = -i*g + 94 - 0. List the prime factors of g.
47
Suppose -y + 7*y - 12 = 0. Suppose -y*o = 5*o - 35. Let n(b) = -b**3 + 6*b**2 + 3*b - 7. What are the prime factors of n(o)?
3, 11
Let d = 55 + -49. Let o(i) = 3*i**3 - 3*i**2 + 10*i + 15. List the prime factors of o(d).
3, 5, 41
Suppose -r + 5*d = -9, -2*r - 5*d - 19 = -22. Suppose 4*g - x = 543, -5*g - r*x + 496 = -188. List the prime factors of g.
2, 17
Suppose -700218 + 99241 - 248172 = -47*q. What are the prime factors of q?
7, 29, 89
Let k = 3215 + -2479. List the prime factors of k.
2, 23
Let b be (-25 - -25)*(-2)/(-4). Suppose -d = -2*t + 804, -5*t - 4*d = -b*d - 2036. What are the prime factors of t?
2, 101
Let l(c) = -2*c + 45. Let s be l(21). Suppose -7*n + s*n = -20. Suppose 72 = w + 3*w + n*q, 0 = 4*w - 5*q - 32. What are the prime factors of w?
13
Let n = -75 - -77. Let v be (4 - (n - -3)) + -2. Let g = 0 - v. What are the prime factors of g?
3
Let h be -330*(-2)/(-3 - -5). Suppose -k + 320 = -3*b, 0 = -k + 17*b - 16*b + h. What are the prime factors of k?
5, 67
Suppose 3*l + 5*m = 588, -9*m + 14*m = -5*l + 970. Let w = 556 + l. What are the prime factors of w?
3, 83
Suppose -9*j + 852 = -7*j. Let x = j - -287. What are the prime factors of x?
23, 31
Let n(a) = 25*a**3 + 2*a**2 - 3*a - 4. Let q be n(-2). Let j = q - -477. Suppose -12*v + 19*v - j = 0. What are the prime factors of v?
41
Let u(c) = -18*c**3 - 4*c**2 + 2*c + 19. Let s(h) = -h**3 - 15*h**2 - 26*h - 4. Let k be s(-13). What are the prime factors of u(k)?
7, 157
Suppose 0 = -k, 0 = -i - 2*k - 3*k + 27. Suppose -29*a = -i*a - 1754. List the prime factors of a.
877
Suppose 2 + 4 = 2*s. Suppose 2*o + 6 = f, 3*f - 12 = f - s*o. Suppose 0 = 3*h - f*h - l + 347, h = 5*l + 89. List the prime factors of h.
2, 3, 19
Let n(j) = -j**3 + 113*j**2 - 104*j - 768. What are the prime factors of n(111)?
2, 3, 5, 137
Let u be 195/25 + (-1)/(-5). Suppose y - 5*i - 296 = 0, -u*y + 2*i = -10*y + 652. What are the prime factors of y?
3, 107
Let v = 5812 - -101. List the prime factors of v.
3, 73
Let i be (-1)/3 - 22722/(-18). Suppose -25*n - i + 14412 = 0. What are the prime factors of n?
2, 263
Let t = 372 - 367. Suppose -4*c - t*s - 719 = -5*c, -2*s - 2930 = -4*c. What are the prime factors of c?
2, 367
Let l = -435 + 441. Suppose 4680 = 4*m + l*m. List the prime factors of m.
2, 3, 13
Let y(s) = -57*s + 28. Let z = -180 + 176. What are the prime factors of y(z)?
2
Let n(v) = v - 2. Let s be n(16). Suppose q = 4*y + 17, 3*y + s + 3 = 5*q. Let i(h) = h**3 + 4*h**2 - h + 9. What are the prime factors of i(y)?
13
Let f(c) = 3*c**3 - c**2 + 4*c + 7198. List the prime factors of f(0).
2, 59, 61
Let x be (-8)/(-6)*3/2. Let u(j) = 11*j - x*j + 17 + 13*j. What are the prime factors of u(4)?
3, 5, 7
Suppose -5*g + 2523 = -3*f - 1246, -10*g = 5*f - 7560. What are the prime factors of g?
5, 151
Let h = -386 + 425. Let x(y) = -14*y**3 + 2*y**2 + 3*y + 3. Let g be x(-2). Suppose k = -h + g. List the prime factors of k.
2, 3, 13
What are the prime factors of (2/3)/(-23*(-10)/2565420)?
2, 11, 13
Let v(m) = -2*m**3 - 23*m**2 - 40*m + 671. What are the prime factors of v(-29)?
2, 3, 193
Let z = -50 + 55. Let x be (-1009)/(-2) + z + (-36)/8. Suppose 23*b - 18*b - x = 0. List the prime factors of b.
101
Let z(x) = -x**2 - 6*x - 7. Let u be z(-7). Let n be 1/(7/(-2)) - (-66)/u. What are the prime factors of (-520)/(-6) + n/(-15)?
3, 29
Let q = -54 + 61. Suppose -3*j + q = -8. Suppose -j*b + 469 = 3*x, x + 112 - 23 = b. What are the prime factors of b?
2, 23
Suppose -4551 = -m + 5*a, 21*m - 20*m + a - 4539 = 0. List the prime factors of m.
19, 239
Let a = 273 + 151. Let v = a + -293. What are the prime factors of v?
131
Suppose 16466*m - 16477*m + 290114 = 0. List the prime factors of m.
2, 13187
Let j be -8*20975/(-8)*4/(-10). List the prime factors of 6/15 + j/(-25).
2, 3,